{"id":389,"date":"2024-02-03T12:59:14","date_gmt":"2024-02-03T11:59:14","guid":{"rendered":"https:\/\/adisfrutar.es\/?page_id=389"},"modified":"2024-02-10T20:34:16","modified_gmt":"2024-02-10T19:34:16","slug":"precio","status":"publish","type":"page","link":"https:\/\/adisfrutar.es\/?page_id=389","title":{"rendered":"Precio"},"content":{"rendered":"\t\t<div data-elementor-type=\"wp-page\" data-elementor-id=\"389\" class=\"elementor elementor-389\">\n\t\t\t\t<div class=\"elementor-element elementor-element-2083b40 e-flex e-con-boxed e-con e-parent\" data-id=\"2083b40\" data-element_type=\"container\" data-settings=\"{&quot;content_width&quot;:&quot;boxed&quot;}\" data-core-v316-plus=\"true\">\n\t\t\t\t\t<div class=\"e-con-inner\">\n\t\t\t\t<div class=\"elementor-element elementor-element-490f0d9 elementor-widget elementor-widget-heading\" data-id=\"490f0d9\" data-element_type=\"widget\" data-widget_type=\"heading.default\">\n\t\t\t\t<div class=\"elementor-widget-container\">\n\t\t\t<style>\/*! elementor - v3.19.0 - 07-02-2024 *\/\n.elementor-heading-title{padding:0;margin:0;line-height:1}.elementor-widget-heading .elementor-heading-title[class*=elementor-size-]>a{color:inherit;font-size:inherit;line-height:inherit}.elementor-widget-heading .elementor-heading-title.elementor-size-small{font-size:15px}.elementor-widget-heading .elementor-heading-title.elementor-size-medium{font-size:19px}.elementor-widget-heading .elementor-heading-title.elementor-size-large{font-size:29px}.elementor-widget-heading .elementor-heading-title.elementor-size-xl{font-size:39px}.elementor-widget-heading .elementor-heading-title.elementor-size-xxl{font-size:59px}<\/style><h2 class=\"elementor-heading-title elementor-size-default\">Precio<\/h2>\t\t<\/div>\n\t\t\t\t<\/div>\n\t\t\t\t\t<\/div>\n\t\t\t\t<\/div>\n\t\t<div class=\"elementor-element elementor-element-51e196a9 e-flex e-con-boxed e-con e-parent\" data-id=\"51e196a9\" data-element_type=\"container\" data-settings=\"{&quot;content_width&quot;:&quot;boxed&quot;}\" data-core-v316-plus=\"true\">\n\t\t\t\t\t<div class=\"e-con-inner\">\n\t\t\t\t<div class=\"elementor-element elementor-element-27070826 elementor-widget elementor-widget-text-editor\" data-id=\"27070826\" data-element_type=\"widget\" data-widget_type=\"text-editor.default\">\n\t\t\t\t<div class=\"elementor-widget-container\">\n\t\t\t<style>\/*! elementor - v3.19.0 - 07-02-2024 *\/\n.elementor-widget-text-editor.elementor-drop-cap-view-stacked .elementor-drop-cap{background-color:#69727d;color:#fff}.elementor-widget-text-editor.elementor-drop-cap-view-framed .elementor-drop-cap{color:#69727d;border:3px solid;background-color:transparent}.elementor-widget-text-editor:not(.elementor-drop-cap-view-default) .elementor-drop-cap{margin-top:8px}.elementor-widget-text-editor:not(.elementor-drop-cap-view-default) .elementor-drop-cap-letter{width:1em;height:1em}.elementor-widget-text-editor .elementor-drop-cap{float:left;text-align:center;line-height:1;font-size:50px}.elementor-widget-text-editor .elementor-drop-cap-letter{display:inline-block}<\/style>\t\t\t\t<!-- wp:paragraph -->\n<p>el alquiler del local son <strong>100 euros<\/strong> se pagan <strong>60 euros<\/strong> de fianza que se devuelven despu\u00e9s una vez se compruebe que est\u00e1 como se entreg\u00f3 inicialmente, limpio y recogido.<\/p>\n<!-- \/wp:paragraph --><!-- wp:paragraph -->\n<p>\u00a0<\/p>\n<!-- \/wp:paragraph --><!-- wp:paragraph -->\n<p>\u00a0<\/p>\n<!-- \/wp:paragraph -->\t\t\t\t\t\t<\/div>\n\t\t\t\t<\/div>\n\t\t\t\t\t<\/div>\n\t\t\t\t<\/div>\n\t\t\t\t<\/div>\n\t\t","protected":false},"excerpt":{"rendered":"<p>Precio el alquiler del local son 100 euros se pagan 60 euros de fianza que se devuelven despu\u00e9s una vez se compruebe que est\u00e1 como se entreg\u00f3 inicialmente, limpio y recogido. \u00a0 \u00a0<\/p>\n","protected":false},"author":1,"featured_media":0,"parent":0,"menu_order":0,"comment_status":"closed","ping_status":"closed","template":"","meta":{"neve_meta_sidebar":"","neve_meta_container":"","neve_meta_enable_content_width":"","neve_meta_content_width":0,"neve_meta_title_alignment":"","neve_meta_author_avatar":"","neve_post_elements_order":"","neve_meta_disable_header":"","neve_meta_disable_footer":"","neve_meta_disable_title":"","_themeisle_gutenberg_block_has_review":false,"_ti_tpc_template_sync":false,"_ti_tpc_template_id":"","footnotes":""},"class_list":["post-389","page","type-page","status-publish","hentry"],"yoast_head":"<!-- This site is optimized with the Yoast SEO plugin v22.0 - https:\/\/yoast.com\/wordpress\/plugins\/seo\/ -->\n<title>Precio - adisfrutar.es<\/title>\n<meta name=\"robots\" content=\"index, follow, max-snippet:-1, max-image-preview:large, max-video-preview:-1\" \/>\n<link rel=\"canonical\" href=\"https:\/\/adisfrutar.es\/?page_id=389\" \/>\n<meta property=\"og:locale\" content=\"en_US\" \/>\n<meta property=\"og:type\" content=\"article\" \/>\n<meta property=\"og:title\" content=\"Precio - adisfrutar.es\" \/>\n<meta property=\"og:description\" content=\"Precio el alquiler del local son 100 euros se pagan 60 euros de fianza que se devuelven despu\u00e9s una vez se compruebe que est\u00e1 como se entreg\u00f3 inicialmente, limpio y recogido. \u00a0 \u00a0\" \/>\n<meta property=\"og:url\" content=\"https:\/\/adisfrutar.es\/?page_id=389\" \/>\n<meta property=\"og:site_name\" content=\"adisfrutar.es\" \/>\n<meta property=\"article:modified_time\" content=\"2024-02-10T19:34:16+00:00\" \/>\n<meta name=\"twitter:card\" content=\"summary_large_image\" \/>\n<script type=\"application\/ld+json\" class=\"yoast-schema-graph\">{\"@context\":\"https:\/\/schema.org\",\"@graph\":[{\"@type\":\"WebPage\",\"@id\":\"https:\/\/adisfrutar.es\/?page_id=389\",\"url\":\"https:\/\/adisfrutar.es\/?page_id=389\",\"name\":\"Precio - adisfrutar.es\",\"isPartOf\":{\"@id\":\"https:\/\/adisfrutar.es\/#website\"},\"datePublished\":\"2024-02-03T11:59:14+00:00\",\"dateModified\":\"2024-02-10T19:34:16+00:00\",\"breadcrumb\":{\"@id\":\"https:\/\/adisfrutar.es\/?page_id=389#breadcrumb\"},\"inLanguage\":\"en-US\",\"potentialAction\":[{\"@type\":\"ReadAction\",\"target\":[\"https:\/\/adisfrutar.es\/?page_id=389\"]}]},{\"@type\":\"BreadcrumbList\",\"@id\":\"https:\/\/adisfrutar.es\/?page_id=389#breadcrumb\",\"itemListElement\":[{\"@type\":\"ListItem\",\"position\":1,\"name\":\"Strona g\u0142\u00f3wna\",\"item\":\"https:\/\/adisfrutar.es\/\"},{\"@type\":\"ListItem\",\"position\":2,\"name\":\"Precio\"}]},{\"@type\":\"WebSite\",\"@id\":\"https:\/\/adisfrutar.es\/#website\",\"url\":\"https:\/\/adisfrutar.es\/\",\"name\":\"adisfrutar.es\",\"description\":\"Denia - casa de la diversi\u00f3n\",\"publisher\":{\"@id\":\"https:\/\/adisfrutar.es\/#organization\"},\"potentialAction\":[{\"@type\":\"SearchAction\",\"target\":{\"@type\":\"EntryPoint\",\"urlTemplate\":\"https:\/\/adisfrutar.es\/?s={search_term_string}\"},\"query-input\":\"required name=search_term_string\"}],\"inLanguage\":\"en-US\"},{\"@type\":\"Organization\",\"@id\":\"https:\/\/adisfrutar.es\/#organization\",\"name\":\"adisfrutar.es\",\"url\":\"https:\/\/adisfrutar.es\/\",\"logo\":{\"@type\":\"ImageObject\",\"inLanguage\":\"en-US\",\"@id\":\"https:\/\/adisfrutar.es\/#\/schema\/logo\/image\/\",\"url\":\"https:\/\/adisfrutar.es\/wp-content\/uploads\/2024\/02\/cropped-adisfrutar-1.png\",\"contentUrl\":\"https:\/\/adisfrutar.es\/wp-content\/uploads\/2024\/02\/cropped-adisfrutar-1.png\",\"width\":200,\"height\":74,\"caption\":\"adisfrutar.es\"},\"image\":{\"@id\":\"https:\/\/adisfrutar.es\/#\/schema\/logo\/image\/\"}}]}<\/script>\n<!-- \/ Yoast SEO plugin. -->","yoast_head_json":{"title":"Precio - adisfrutar.es","robots":{"index":"index","follow":"follow","max-snippet":"max-snippet:-1","max-image-preview":"max-image-preview:large","max-video-preview":"max-video-preview:-1"},"canonical":"https:\/\/adisfrutar.es\/?page_id=389","og_locale":"en_US","og_type":"article","og_title":"Precio - adisfrutar.es","og_description":"Precio el alquiler del local son 100 euros se pagan 60 euros de fianza que se devuelven despu\u00e9s una vez se compruebe que est\u00e1 como se entreg\u00f3 inicialmente, limpio y recogido. \u00a0 \u00a0","og_url":"https:\/\/adisfrutar.es\/?page_id=389","og_site_name":"adisfrutar.es","article_modified_time":"2024-02-10T19:34:16+00:00","twitter_card":"summary_large_image","schema":{"@context":"https:\/\/schema.org","@graph":[{"@type":"WebPage","@id":"https:\/\/adisfrutar.es\/?page_id=389","url":"https:\/\/adisfrutar.es\/?page_id=389","name":"Precio - adisfrutar.es","isPartOf":{"@id":"https:\/\/adisfrutar.es\/#website"},"datePublished":"2024-02-03T11:59:14+00:00","dateModified":"2024-02-10T19:34:16+00:00","breadcrumb":{"@id":"https:\/\/adisfrutar.es\/?page_id=389#breadcrumb"},"inLanguage":"en-US","potentialAction":[{"@type":"ReadAction","target":["https:\/\/adisfrutar.es\/?page_id=389"]}]},{"@type":"BreadcrumbList","@id":"https:\/\/adisfrutar.es\/?page_id=389#breadcrumb","itemListElement":[{"@type":"ListItem","position":1,"name":"Strona g\u0142\u00f3wna","item":"https:\/\/adisfrutar.es\/"},{"@type":"ListItem","position":2,"name":"Precio"}]},{"@type":"WebSite","@id":"https:\/\/adisfrutar.es\/#website","url":"https:\/\/adisfrutar.es\/","name":"adisfrutar.es","description":"Denia - casa de la diversi\u00f3n","publisher":{"@id":"https:\/\/adisfrutar.es\/#organization"},"potentialAction":[{"@type":"SearchAction","target":{"@type":"EntryPoint","urlTemplate":"https:\/\/adisfrutar.es\/?s={search_term_string}"},"query-input":"required name=search_term_string"}],"inLanguage":"en-US"},{"@type":"Organization","@id":"https:\/\/adisfrutar.es\/#organization","name":"adisfrutar.es","url":"https:\/\/adisfrutar.es\/","logo":{"@type":"ImageObject","inLanguage":"en-US","@id":"https:\/\/adisfrutar.es\/#\/schema\/logo\/image\/","url":"https:\/\/adisfrutar.es\/wp-content\/uploads\/2024\/02\/cropped-adisfrutar-1.png","contentUrl":"https:\/\/adisfrutar.es\/wp-content\/uploads\/2024\/02\/cropped-adisfrutar-1.png","width":200,"height":74,"caption":"adisfrutar.es"},"image":{"@id":"https:\/\/adisfrutar.es\/#\/schema\/logo\/image\/"}}]}},"_links":{"self":[{"href":"https:\/\/adisfrutar.es\/index.php?rest_route=\/wp\/v2\/pages\/389","targetHints":{"allow":["GET"]}}],"collection":[{"href":"https:\/\/adisfrutar.es\/index.php?rest_route=\/wp\/v2\/pages"}],"about":[{"href":"https:\/\/adisfrutar.es\/index.php?rest_route=\/wp\/v2\/types\/page"}],"author":[{"embeddable":true,"href":"https:\/\/adisfrutar.es\/index.php?rest_route=\/wp\/v2\/users\/1"}],"replies":[{"embeddable":true,"href":"https:\/\/adisfrutar.es\/index.php?rest_route=%2Fwp%2Fv2%2Fcomments&post=389"}],"version-history":[{"count":20,"href":"https:\/\/adisfrutar.es\/index.php?rest_route=\/wp\/v2\/pages\/389\/revisions"}],"predecessor-version":[{"id":572,"href":"https:\/\/adisfrutar.es\/index.php?rest_route=\/wp\/v2\/pages\/389\/revisions\/572"}],"wp:attachment":[{"href":"https:\/\/adisfrutar.es\/index.php?rest_route=%2Fwp%2Fv2%2Fmedia&parent=389"}],"curies":[{"name":"wp","href":"https:\/\/api.w.org\/{rel}","templated":true}]}}